{"id":13726,"date":"2023-08-11T13:52:51","date_gmt":"2023-08-11T13:52:51","guid":{"rendered":"https:\/\/www.wellbeautysalon.com\/?post_type=product&#038;p=13726"},"modified":"2024-06-10T01:17:18","modified_gmt":"2024-06-10T01:17:18","slug":"sillon-de-peluqueria-31826","status":"publish","type":"product","link":"https:\/\/www.wellbeautysalon.com\/es\/producto\/sillon-de-peluqueria-31826","title":{"rendered":"Silla Reclinable de Barbero Classic Heritage"},"content":{"rendered":"<p>Presentamos nuestra silla de barbero premium, modelo 31826, dise\u00f1ada para distribuidores mayoristas y socios fabricantes internacionales. Dise\u00f1ada para brindar comodidad y durabilidad inigualables, esta silla cuenta con un robusto reposapi\u00e9s de acero inoxidable y un coj\u00edn de espuma de alta densidad. El dise\u00f1o ergon\u00f3mico garantiza un soporte excepcional. La bomba hidr\u00e1ulica ofrece un ajuste de altura sin esfuerzo. Tapizada en cuero sint\u00e9tico de primera calidad, esta silla irradia elegancia y funcionalidad. Perfecta para barber\u00edas profesionales, promete una experiencia de lujo para clientes de todo el mundo. Con m\u00e1s de 20 a\u00f1os de experiencia en fabricaci\u00f3n, garantizamos calidad e innovaci\u00f3n. en cada producto.<\/p>\n<div id='gallery-1' class='gallery galleryid-13726 gallery-columns-3 gallery-size-medium'><figure class='gallery-item'>\n\t\t\t<div class='gallery-icon portrait'>\n\t\t\t\t<a href='https:\/\/www.wellbeautysalon.com\/es\/?attachment_id=14320'><img fetchpriority=\"high\" decoding=\"async\" width=\"225\" height=\"300\" src=\"https:\/\/www.wellbeautysalon.com\/wp-content\/uploads\/2023\/08\/QQ\u56fe\u724720180417101353-rotated.jpg\" class=\"attachment-medium size-medium\" alt=\"\" aria-describedby=\"gallery-1-14320\" srcset=\"https:\/\/www.wellbeautysalon.com\/wp-content\/uploads\/2023\/08\/QQ\u56fe\u724720180417101353-rotated.jpg 1441w, https:\/\/www.wellbeautysalon.com\/wp-content\/uploads\/2023\/08\/QQ\u56fe\u724720180417101353-9x12.jpg 9w\" sizes=\"(max-width: 225px) 100vw, 225px\" title=\"\"><\/a>\n\t\t\t<\/div>\n\t\t\t\t<figcaption class='wp-caption-text gallery-caption' id='gallery-1-14320'>\n\t\t\t\tPackage Photo\n\t\t\t\t<\/figcaption><\/figure><figure class='gallery-item'>\n\t\t\t<div class='gallery-icon portrait'>\n\t\t\t\t<a href='https:\/\/www.wellbeautysalon.com\/es\/?attachment_id=14292'><img decoding=\"async\" width=\"225\" height=\"300\" src=\"https:\/\/www.wellbeautysalon.com\/wp-content\/uploads\/2023\/08\/IMG_3796-scaled.jpg\" class=\"attachment-medium size-medium\" alt=\"\" aria-describedby=\"gallery-1-14292\" srcset=\"https:\/\/www.wellbeautysalon.com\/wp-content\/uploads\/2023\/08\/IMG_3796-scaled.jpg 1920w, https:\/\/www.wellbeautysalon.com\/wp-content\/uploads\/2023\/08\/IMG_3796-9x12.jpg 9w\" sizes=\"(max-width: 225px) 100vw, 225px\" title=\"\"><\/a>\n\t\t\t<\/div>\n\t\t\t\t<figcaption class='wp-caption-text gallery-caption' id='gallery-1-14292'>\n\t\t\t\tPackage Photo\n\t\t\t\t<\/figcaption><\/figure><figure class='gallery-item'>\n\t\t\t<div class='gallery-icon portrait'>\n\t\t\t\t<a href='https:\/\/www.wellbeautysalon.com\/es\/?attachment_id=14298'><img decoding=\"async\" width=\"248\" height=\"300\" src=\"https:\/\/www.wellbeautysalon.com\/wp-content\/uploads\/2023\/08\/package.png\" class=\"attachment-medium size-medium\" alt=\"\" aria-describedby=\"gallery-1-14298\" srcset=\"https:\/\/www.wellbeautysalon.com\/wp-content\/uploads\/2023\/08\/package.png 699w, https:\/\/www.wellbeautysalon.com\/wp-content\/uploads\/2023\/08\/package-10x12.png 10w\" sizes=\"(max-width: 248px) 100vw, 248px\" title=\"\"><\/a>\n\t\t\t<\/div>\n\t\t\t\t<figcaption class='wp-caption-text gallery-caption' id='gallery-1-14298'>\n\t\t\t\tPackage Photo\n\t\t\t\t<\/figcaption><\/figure>\n\t\t<\/div>","protected":false},"excerpt":{"rendered":"<p>Silla de peluquero premium para exportaci\u00f3n mayorista<\/p>\n<ul>\n<li>Modelo No.:31826<\/li>\n<li>Color: Opcional<\/li>\n<li>Tipo: muebles de peluquer\u00eda<\/li>\n<li>Cabeza de reposo: extra\u00edble<\/li>\n<li>Caracter\u00edstica: espalda reclinable con reposabrazos acolchados tapizados<\/li>\n<li>Cuero: Cuero Sint\u00e9tico<\/li>\n<li>Base: base hidr\u00e1ulica que soporta hasta 100kgs<\/li>\n<li>Esponja: Espuma de memoria de alta densidad<\/li>\n<li>Material: madera, hierro, esponja, goma, acero de aluminio<\/li>\n<li>dimensiones del paquete:83cm*83cm*79cm<\/li>\n<li>Garant\u00eda: Garant\u00eda de 1 a\u00f1o<\/li>\n<\/ul>","protected":false},"featured_media":13728,"template":"","meta":{"site-sidebar-layout":"default","site-content-layout":"default","ast-global-header-display":"","ast-banner-title-visibility":"","ast-main-header-display":"","ast-hfb-above-header-display":"","ast-hfb-below-header-display":"","ast-hfb-mobile-header-display":"","site-post-title":"","ast-breadcrumbs-content":"","ast-featured-img":"","footer-sml-layout":"","theme-transparent-header-meta":"default","adv-header-id-meta":"","stick-header-meta":"default","header-above-stick-meta":"","header-main-stick-meta":"","header-below-stick-meta":""},"product_brand":[],"product_cat":[26],"product_tag":[53,80],"class_list":{"0":"post-13726","1":"product","2":"type-product","3":"status-publish","4":"has-post-thumbnail","6":"product_cat-hairdressing-reclining-chair","7":"product_tag-hairdressing-furniture","8":"product_tag-barber-chair","9":"desktop-align-center","10":"tablet-align-center","11":"mobile-align-center","12":"ast-product-gallery-layout-horizontal-slider","13":"ast-product-gallery-with-no-image","14":"ast-product-tabs-layout-horizontal","16":"first","17":"instock","18":"shipping-taxable","19":"product-type-simple"},"acf":[],"_links":{"self":[{"href":"https:\/\/www.wellbeautysalon.com\/es\/wp-json\/wp\/v2\/product\/13726","targetHints":{"allow":["GET"]}}],"collection":[{"href":"https:\/\/www.wellbeautysalon.com\/es\/wp-json\/wp\/v2\/product"}],"about":[{"href":"https:\/\/www.wellbeautysalon.com\/es\/wp-json\/wp\/v2\/types\/product"}],"wp:featuredmedia":[{"embeddable":true,"href":"https:\/\/www.wellbeautysalon.com\/es\/wp-json\/wp\/v2\/media\/13728"}],"wp:attachment":[{"href":"https:\/\/www.wellbeautysalon.com\/es\/wp-json\/wp\/v2\/media?parent=13726"}],"wp:term":[{"taxonomy":"product_brand","embeddable":true,"href":"https:\/\/www.wellbeautysalon.com\/es\/wp-json\/wp\/v2\/product_brand?post=13726"},{"taxonomy":"product_cat","embeddable":true,"href":"https:\/\/www.wellbeautysalon.com\/es\/wp-json\/wp\/v2\/product_cat?post=13726"},{"taxonomy":"product_tag","embeddable":true,"href":"https:\/\/www.wellbeautysalon.com\/es\/wp-json\/wp\/v2\/product_tag?post=13726"}],"curies":[{"name":"wp","href":"https:\/\/api.w.org\/{rel}","templated":true}]}}

<p>Presentamos nuestra silla de barbero premium, modelo 31826, diseñada para distribuidores mayoristas y socios fabricantes internacionales. Diseñada para brindar comodidad y durabilidad inigualables, esta silla cuenta con un robusto reposapiés de acero inoxidable y un cojín de espuma de alta densidad. El diseño ergonómico garantiza un soporte excepcional. La bomba hidráulica ofrece un ajuste de altura sin esfuerzo. Tapizada en cuero sintético de primera calidad, esta silla irradia elegancia y funcionalidad. Perfecta para barberías profesionales, promete una experiencia de lujo para clientes de todo el mundo. Con más de 20 años de experiencia en fabricación, garantizamos calidad e innovación. en cada producto.</p>
<div id='gallery-1' class='gallery galleryid-13726 gallery-columns-3 gallery-size-medium'><figure class='gallery-item'>
			<div class='gallery-icon portrait'>
				<a href='https://www.wellbeautysalon.com/es/?attachment_id=14320'><img fetchpriority="high" decoding="async" width="225" height="300" src="https://www.wellbeautysalon.com/wp-content/uploads/2023/08/QQ图片20180417101353-rotated.jpg" class="attachment-medium size-medium" alt="" aria-describedby="gallery-1-14320" srcset="https://www.wellbeautysalon.com/wp-content/uploads/2023/08/QQ图片20180417101353-rotated.jpg 1441w, https://www.wellbeautysalon.com/wp-content/uploads/2023/08/QQ图片20180417101353-9x12.jpg 9w" sizes="(max-width: 225px) 100vw, 225px" title=""></a>
			</div>
				<figcaption class='wp-caption-text gallery-caption' id='gallery-1-14320'>
				Package Photo
				</figcaption></figure><figure class='gallery-item'>
			<div class='gallery-icon portrait'>
				<a href='https://www.wellbeautysalon.com/es/?attachment_id=14292'><img decoding="async" width="225" height="300" src="https://www.wellbeautysalon.com/wp-content/uploads/2023/08/IMG_3796-scaled.jpg" class="attachment-medium size-medium" alt="" aria-describedby="gallery-1-14292" srcset="https://www.wellbeautysalon.com/wp-content/uploads/2023/08/IMG_3796-scaled.jpg 1920w, https://www.wellbeautysalon.com/wp-content/uploads/2023/08/IMG_3796-9x12.jpg 9w" sizes="(max-width: 225px) 100vw, 225px" title=""></a>
			</div>
				<figcaption class='wp-caption-text gallery-caption' id='gallery-1-14292'>
				Package Photo
				</figcaption></figure><figure class='gallery-item'>
			<div class='gallery-icon portrait'>
				<a href='https://www.wellbeautysalon.com/es/?attachment_id=14298'><img decoding="async" width="248" height="300" src="https://www.wellbeautysalon.com/wp-content/uploads/2023/08/package.png" class="attachment-medium size-medium" alt="" aria-describedby="gallery-1-14298" srcset="https://www.wellbeautysalon.com/wp-content/uploads/2023/08/package.png 699w, https://www.wellbeautysalon.com/wp-content/uploads/2023/08/package-10x12.png 10w" sizes="(max-width: 248px) 100vw, 248px" title=""></a>
			</div>
				<figcaption class='wp-caption-text gallery-caption' id='gallery-1-14298'>
				Package Photo
				</figcaption></figure>
		</div>

<p>Silla de peluquero premium para exportación mayorista</p>
<ul>
<li>Modelo No.:31826</li>
<li>Color: Opcional</li>
<li>Tipo: muebles de peluquería</li>
<li>Cabeza de reposo: extraíble</li>
<li>Característica: espalda reclinable con reposabrazos acolchados tapizados</li>
<li>Cuero: Cuero Sintético</li>
<li>Base: base hidráulica que soporta hasta 100kgs</li>
<li>Esponja: Espuma de memoria de alta densidad</li>
<li>Material: madera, hierro, esponja, goma, acero de aluminio</li>
<li>dimensiones del paquete:83cm*83cm*79cm</li>
<li>Garantía: Garantía de 1 año</li>
</ul>
